3
Let o be ((-46)/(-92))/((-1 - 1)/(-28)). Suppose -15 = o*h - 393. What is the greatest common factor of h and 432?
54
Let i = 160 - -27. Suppose 0 = 230*p - 290*p + 1020. What is the highest common factor of p and i?
17
Suppose 108720 = 262*v - 149430 - 82450. What is the greatest common divisor of 15080 and v?
260
Suppose 2*z = 986 + 270. Suppose 3*h - z = 5*j, 2*h + 3*j - 340 - 104 = 0. Calculate the highest common factor of h and 48.
24
Suppose 4*y + 266 = 2*g, 8*g - 5*y = 4*g + 544. Suppose -10 = 2*u, 4*p + 401 = 8*p - 5*u. Calculate the greatest common factor of p and g.
47
Let q = -220 + 255. Let h be q/(-70) + 211/2. Calculate the highest common factor of 63 and h.
21
Let o = 6377 + -6363. Calculate the highest common divisor of o and 518.
14
Let r(n) = -n**2 + 12*n + 20. Let y be r(13). Let i be ((5 - 0) + -6)*-357. Calculate the highest common divisor of i and y.
7
Let v be ((-957)/29 - -45) + 1 + 387. What is the greatest common factor of v and 2775?
25
Let y(j) = -53*j**3 + 2*j**2 - 3*j - 104. Let c be y(-7). Let z be (-2)/25 + c/550. Calculate the highest common divisor of 231 and z.
33
Let m be (-4)/18 - 1260/(-567). Let i be (1 + -4 + m)/(8/(-32)). Let k(s) = s + 1. Let b be k(0). Calculate the highest common divisor of i and b.
1
Let l(d) = -2*d**2 - 205*d + 807. Let g be l(-105). Calculate the greatest common factor of g and 25521.
141
Let d = 12023 + -11925. What is the greatest common factor of 14651 and d?
49
Let a(x) = -x**2 - 50*x + 13. Let l be a(-29). Let m(d) = -14 + 302*d - l*d + 311*d. Let c be m(-6). Calculate the highest common factor of c and 16.
8
Let d(c) = -c**3 + 17*c**2 - 81*c + 306. Let w be d(11). Calculate the greatest common divisor of 75 and w.
3
Let j be 225*(1/10)/(6/60). What is the highest common divisor of j and 2175?
75
Let p(v) = v**3 + 4*v**2 - 8*v - 20. Let g be p(-3). Suppose 0 = -g*u + 159 + 23. Calculate the highest common divisor of u and 7.
7
Suppose 4*i - 55 = 41. Let b be 3*16/216 - 94/18. Let m(y) = 3*y**2 + 15*y + 16. Let q be m(b). Calculate the greatest common divisor of q and i.
8
Let j = 11536 - 11497. What is the highest common divisor of 2119 and j?
13
Let f = 18 + -13. Suppose 1234 = f*o + 2*k, -4*k + 415 = 2*o - 69. What is the highest common factor of o and 31?
31
Let x be ((-25)/(-10))/(2/(-8) - 2070/(-8136)). What is the highest common divisor of 791 and x?
113
Let f be 6484 - ((-976)/128 + (-6)/16). What is the highest common divisor of 12 and f?
12
Let n(r) = r**3 - 6*r**2 - 5*r - 9. Let x be n(7). Let j be x - -31 - (3 + (-1 - 0)). Suppose -3*s = 10 - j. What is the highest common divisor of s and 88?
8
Suppose 1971690 = 66*o + 144*o. What is the highest common divisor of 82 and o?
41
Let z(d) = 37*d + 102. Let v(y) = -18*y - 53. Let x(f) = 13*v(f) + 6*z(f). Let r be x(-7). Calculate the greatest common factor of r and 7.
7
Let o be (4 + 1 - 7/63*9) + 746. Calculate the greatest common factor of 6 and o.
6
Suppose -5*w + 126 = -2*w. Let b = w + -58. Let m be ((-99)/4)/(6/b). What is the greatest common divisor of 44 and m?
22
Let g(p) = 9*p**2 - 298*p - 8. Let d(a) = a**2 + a + 1. Let t(j) = 2*d(j) + g(j). Let o be t(27). What is the highest common divisor of 525 and o?
21
Let r = -12303 + 22087. Calculate the greatest common factor of r and 16.
8
Suppose -71*o = -48*o - 414. What is the highest common factor of o and 981?
9
Let g be -57*(1 - 3 - 5/(-3)). Suppose -16*u = -g*u + 390. Let n = 15 - -11. Calculate the greatest common divisor of u and n.
26
Let c = 93 - 27. Let g be 2052/120*5 + (-10)/(-4). What is the highest common divisor of c and g?
22
Suppose -18*h + 4*h + 73 = -725. Calculate the greatest common factor of h and 39.
3
Suppose 0 = 3*t - j - 263, 2*t + 4*j - 178 = 2*j. Calculate the greatest common divisor of t and 32.
8
Let t be -5*(-81)/(-135) - (-251 - -2). What is the greatest common divisor of t and 8733?
123
Let c = 16373 + -16362. What is the highest common divisor of c and 8503?
11
Let x(w) = 3*w**3 - 1 + w**3 + w**2 - 3*w**3 - 7*w**3. Suppose -3 = 4*c + 1. Let b be x(c). What is the greatest common factor of 6 and b?
6
Let l be 6 + -4 - 1*-2. Suppose l + 1 = y. Suppose -2*c = k - 40, -5*k + 0*c + y*c = -170. Calculate the highest common divisor of k and 18.
18
Suppose -6*k + 20*k - 456 = -5*k. Calculate the greatest common divisor of 408 and k.
24
Suppose 0*o - 25 = -o. Suppose 0 = p - 9 + 17. Let x be (-5)/(2*4/p). What is the greatest common factor of o and x?
5
Suppose 21 = 2*k + 141. Let y be (3 - 2) + -42 + -7. Let a = y - k. Calculate the highest common divisor of 132 and a.
12
Let l be ((12/10)/1)/((-10)/50). Let h be (l/15)/((-1)/15). Suppose -h*w = -3*c - w + 55, 5*c - 71 = -2*w. What is the greatest common factor of 5 and c?
5
Let j = -6729 - -6731. Let u(p) = -p - 1. Let k be u(-5). What is the highest common divisor of k and j?
2
Let j be (172 + -4)/24 + 283. Calculate the highest common factor of 1510 and j.
10
Suppose 0 = -q + 3*q - 2*x + 744, 0 = 5*q + 4*x + 1851. Let l = 931 + q. Calculate the highest common divisor of 28 and l.
28
Suppose 813*r - 798*r - 20025 = 0. What is the greatest common factor of r and 45?
15
Let a(i) = -2*i - 28. Let m be a(-14). Suppose -12*v + 171 + 297 = m. Let b(s) = 39*s. Let o be b(2). What is the highest common factor of v and o?
39
Let u(s) = s**2 + 14*s - 17. Let c be u(9). Let g = c + -181. Suppose -a + 5*v = -41, -3*a + v = a - 145. Calculate the greatest common divisor of a and g.
9
Let u = -354 - -409. Suppose -3*f + 5*f = 3*w + u, 0 = 5*w - 15. Calculate the highest common divisor of f and 480.
32
Let g = 43 + 20. Let j = -62 - -64. Suppose -j*l + 8 + 10 = 0. What is the highest common factor of l and g?
9
Let r(p) = p**3 - 3*p**2 - 15*p + 15. Let j be r(5). Let x(c) = c**3 + 11*c**2 + 9*c + 7. Let z be x(j). What is the greatest common factor of z and 459?
17
Let g(k) be the second derivative of 4*k**3 + 6*k**2 + 54*k. Let m be g(2). What is the greatest common factor of m and 30?
30
Suppose 2*y + 33944 = 4*w, w + 3*y - 8504 = 8*y. Calculate the greatest common divisor of w and 12.
12
Suppose 0 = -4*i - 3*b + 566, -3*b + 2*b - 717 = -5*i. Let c(j) = -j**2 + 5983*j - 29879. Let d be c(5). Calculate the greatest common factor of d and i.
11
Suppose 6 = 5*q - 24. Let t be (-18)/(-10)*(17 + -12 - 10). Let h be q/(-6) - (t - 0). Calculate the highest common divisor of h and 16.
8
Suppose -360 = -r - h, -51*h + 2880 = 8*r - 52*h. Calculate the highest common factor of 1560 and r.
120
Suppose -48*b - 864 = -75*b. Calculate the greatest common divisor of b and 2032.
16
Let z be -8*((-59015)/(-44))/(-37). Calculate the greatest common factor of z and 3915.
145
Let l = 35 - -20. Suppose -60*t = -50*t - 360. Suppose t = 6*r + 6. Calculate the greatest common factor of r and l.
5
Let j = 18310 + -18304. What is the highest common divisor of j and 1472?
2
Let t be (-18)/(-4)*1*26. Suppose -10*v + 220 + 170 = 0. Suppose -1032*i + 1035*i = v. Calculate the greatest common factor of i and t.
13
Let z be 2/(-19) - 1815/627. Let w be (-10 + 2418/15)/(z/(-10)). What is the highest common factor of 63 and w?
63
Let x be 10316/7 - (-162)/567. Calculate the highest common divisor of 66 and x.
22
Suppose 3*s - 2*r = 376, 361*r - 97 = -s + 356*r. Calculate the greatest common divisor of s and 3294.
122
Let r be (-3 - -5)/((-8)/(-16)). Suppose -4 = 9*h - r. Suppose h = 7*v - v - 216. What is the greatest common divisor of v and 27?
9
Let q = -2073 - -21738. Suppose 0 = 11*f + 8*f - q. What is the greatest common divisor of 45 and f?
45
Let u be (-12 + -19 + 30)/((-1)/19). What is the highest common factor of u and 2014?
19
Let c(k) = -k - 1. Let j(a) = a**3 - 3*a**2 + 1. Let o(b) = 2*c(b) + j(b). Let g be o(4). Calculate the highest common divisor of g and 133.
7
Suppose -3*q = 4*u - 206, -53*q = -55*q + 2*u + 156. What is the highest common factor of q and 1850?
74
Let a(j) = j**3 + 29*j**2 + 25*j - 60. Let d be a(-24). Suppose -d = 19*q - 34*q. Calculate the highest common factor of q and 4.
4
Let n(q) = -q**3 + 39*q**2 + 45*q - 82. Let l be n(40). Calculate the highest common divisor of l and 2.
2
Let f = -18 - -30. Suppose -2*a + 65 - 209 = -4*p, a = 3*p - 108. What is the greatest common divisor of p and f?
